+ w, -12 = -4*f + 4*o. Calculate the greatest common divisor of f and 15.
3
Let y be 10467/36 - (-6)/(-8). Suppose 4*u = 9*u - y. What is the highest common divisor of 29 and u?
29
Suppose -3 = -3*a + 6. Suppose 2*n + 72 = 8*n. Calculate the highest common divisor of a and n.
3
Let u be (-30)/(-8) + 4/16. Suppose 1 + 32 = -k + z, -2*z = -u*k - 126. Let b = -18 - k. Calculate the greatest common divisor of b and 60.
12
Let k be (-22)/4 - (-15)/10. Let w(c) = -2*c**3 - 7*c**2 - 3*c + 4. Let z be w(k). What is the greatest common factor of 16 and z?
16
Let w be 4/(-1)*24/(-32). What is the greatest common factor of 27 and w?
3
Let q be ((-2)/7)/((-2)/14). Suppose 0 = q*s - s - 72. Calculate the greatest common factor of 9 and s.
9
Suppose -62 = -a - 3*j, -j = -5*a + 4*j + 270. Let n = -3 + 5. Suppose -9 = -n*p + 7. What is the greatest common divisor of p and a?
8
Let u(s) = s**2 - 4. Let b be u(-3). Suppose -409 + 59 = -7*c. Calculate the highest common factor of b and c.
5
Let c = 162 - 41. Let z = c - 61. What is the greatest common divisor of 40 and z?
20
Let y be (1 + 1)/(17 - 15). What is the greatest common divisor of y and 1?
1
Let j(r) be the first derivative of -r**4/4 - 4*r**3/3 + r**2/2 - 3. Let x be j(-2). Let q be x/(-3)*6/4. Calculate the highest common divisor of 15 and q.
5
Suppose q = -c - 3*c + 52, 5*q + 48 = 2*c. What is the highest common factor of c and 112?
14
Let j(l) = l + 11*l**2 - 7*l + 5*l. Let z(x) = x**3 - 2*x**2 - 3*x + 1. Let b be z(3). Let h be j(b). What is the greatest common factor of h and 10?
10
Let b(x) = -4*x - 2*x**3 - x**3 - 2 - 3*x**3 - 3*x**2. Let v be b(-2). Suppose -3 = -3*w + 15. Calculate the highest common divisor of w and v.
6
Let k be (4 - 2) + 2 - -34. What is the greatest common factor of 266 and k?
38
Let i(z) = -4*z - 324. Let w(q) = q + 81. Let c(s) = 2*i(s) + 9*w(s). Let n be c(0). Calculate the greatest common factor of 9 and n.
9
Let s be (-2)/12 + (-1324)/(-24). Calculate the highest common factor of 22 and s.
11
Let h = 258 + -114. Calculate the greatest common factor of 18 and h.
18
Suppose -n = -4*n + 561. Let j(t) be the first derivative of 4*t**4 + t**3/3 + 2. Let v be j(1). What is the highest common factor of v and n?
17
Suppose t = 2*f + 154, -7*t = -8*t + 5*f + 142. Calculate the highest common factor of 6 and t.
6
Suppose -9 = -m + 5*q, -4*q + 2 - 6 = 0. Let x be (-3)/12 - (-21)/m. Let z be (-3 - -16)*(0 + x). What is the highest common divisor of 13 and z?
13
Let z = -240 - -67. Let d = -83 - z. Let y be (6/(-15))/((-3)/d). What is the greatest common divisor of 30 and y?
6
Let s(h) = -h**3 + 2*h**2 - h. Let f be s(-2). Let g be (-2424)/(-27) + 4/f. What is the greatest common divisor of 10 and g?
10
Suppose i = 3*i - 4. Let y be (-2)/i - 10*-2. Calculate the highest common divisor of 209 and y.
19
Suppose 4*n - 14 = -k, 4*k + 4*n - 72 = 20. Suppose -b + 151 = -5*x, 2*b - 309 = -0*b + 3*x. What is the highest common factor of k and b?
26
Let y = 66 + -18. Let p = 8 + -2. Calculate the highest common divisor of p and y.
6
Suppose 4 = -t + 2*t. Let b(h) = -3*h + 7*h + t*h + 7. Let a be b(6). Calculate the highest common factor of 22 and a.
11
Let k(z) = z**2 - 3*z. Let g be k(4). Let c be (-2)/4 - (-18)/g. Calculate the greatest common divisor of c and 12.
4
Let v = 123 - 67. Suppose -4*i = -47 + 19. Calculate the greatest common factor of v and i.
7
Suppose -y + 0*y + 14 = 0. Calculate the greatest common divisor of y and 2.
2
Let q(d) = 5*d**2 - 2*d + 13. Let m(y) = y**2 - y + 1. Let j(t) = -6*m(t) + q(t). Let p be j(4). Calculate the greatest common divisor of 49 and p.
7
Let q(l) = 3*l**3 + 56 - l**2 - 2*l**3 + l**3 - 3*l**3. Let y be q(0). Calculate the greatest common divisor of 14 and y.
14
Let p(c) = -3*c + 144. Let w be p(0). Suppose 3*l - 60 = -3*a, -2 = -3*a + 4. Calculate the greatest common divisor of w and l.
18
Let j(d) = 4*d**3 - d**2 - 3*d - 2. Let z be j(-3). Let t = 254 + z. Calculate the greatest common factor of t and 16.
16
Let k(m) = -m**3 - 28*m**2 - 27*m + 19. Let x be k(-27). What is the greatest common divisor of x and 57?
19
Suppose 3*z - r + 3 = 15, 3*z - 2*r - 15 = 0. Suppose 30 + 36 = z*p. What is the highest common factor of p and 55?
11
Let q = 69 + 85. Let m(w) be the second derivative of -w**3/2 - w**2/2 + w. Let f be m(-5). What is the highest common factor of q and f?
14
Let x be 85/4 + 9/(-36). Let q(o) = 2*o**2 + 3*o - 2. Let k be q(-3). What is the highest common factor of k and x?
7
Let t = 37 - 5. Let q(b) = b**2 + 3*b + 6. Let o be q(-5). Calculate the highest common factor of t and o.
16
Suppose 4*z = -3*y - 0*y + 50, -2*z + 38 = -5*y. Suppose 2*h = -3*f + 46, -3*h = 5*f - h - 74. What is the greatest common divisor of f and z?
14
Suppose -6*j = -2444 + 608. What is the greatest common divisor of j and 18?
18
Let p = 271 + -151. Calculate the highest common factor of 40 and p.
40
Let z(x) = x**3 + x. Let u(h) = -h**2 - 8*h - 5. Let b be u(-7). Let l be z(b). Calculate the highest common divisor of 5 and l.
5
Let a be (-51)/4 + 1/(-4). Let x be 1*a*(-1)/1. Calculate the greatest common divisor of x and 13.
13
Let g = 320 + -148. Suppose 0*c - g = -4*c. Let p be c/4 + (-3)/(-12). Calculate the greatest common divisor of p and 121.
11
Let x(s) = -7*s**2 + 2*s + 3. Let d be x(-4). Let u = d - -252. What is the greatest common divisor of u and 27?
27
Let g(b) = b + 55. Let j be g(0). Let a(i) = i**2 - i - 8. Let f be a(6). Calculate the greatest common divisor of j and f.
11
Let s(f) = f**3 - 4*f**2 - 3*f + 9. Let w = -11 + 17. Let v be s(w). What is the greatest common factor of 9 and v?
9
Let k = -16 - -28. Let f be (7 - (-177)/(-15))/(2/(-5)). What is the greatest common divisor of k and f?
12
Let i = -14 + 27. Suppose -o - o = -26. Calculate the highest common divisor of i and o.
13
Suppose 4*w = -2*i + 52, -12 = -3*w - i + 27. Calculate the highest common divisor of w and 104.
13
Let p = -4 + 41. Suppose 2*f = -3*k + 45, 2*k - p = -0*f + f. Calculate the highest common factor of 187 and k.
17
Suppose -10*z + z = -153. Let j be ((-1 - 9)/2)/(-1). Suppose -4*t + 2*t + j*m + 281 = 0, 0 = -4*t + 3*m + 597. What is the highest common divisor of z and t?
17
Suppose x - 181 - 116 = 0. What is the highest common factor of x and 27?
27
Let p be (-3)/(-18) + (-775)/(-30). Calculate the greatest common divisor of p and 65.
13
Let x(u) be the second derivative of u**5/5 - 5*u**4/12 + 5*u**3/6 - 3*u**2 - u. Let a be x(3). What is the greatest common factor of 48 and a?
24
Let l = -3 + 2. Let z be l*(1/1 + -28). Let u(s) = 8*s**2 - 3*s - 2. Let h be u(-1). What is the highest common factor of h and z?
9
Suppose 3*m = -5*k + 15 + 19, 3*m + 3*k - 42 = 0. Calculate the greatest common divisor of m and 72.
18
Let p = -36 - -34. Let t(q) = -1. Let o(c) = -c**2 + c + 6. Let d(b) = -o(b) - 6*t(b). Let z be d(p). What is the highest common divisor of z and 48?
6
Let b(h) = h**3 - 11*h**2 + 4*h + 6. Let k be b(11). Calculate the greatest common factor of 20 and k.
10
Let d(h) = 30*h. Let w be d(1). Suppose 2*x - 6 = 0, -p + 3*x + 2 + 34 = 0. What is the highest common divisor of w and p?
15
Let d be ((-9)/6)/((-3)/2224). Suppose -5*p + d = 12. Suppose -2*z = 4*t - p, -2*t = 2*z + t - 221. What is the highest common divisor of 14 and z?
14
Suppose 7*m - 154 = 5*m. Calculate the highest common divisor of 22 and m.
11
Let h = -1 - -3. Suppose -h*q = a + q - 14, 3*a - 18 = -3*q. Suppose -2*b + 32 = -4*k, -3*b + 3*k = 5*k - 16. What is the highest common divisor of b and a?
2
Suppose 9*o = 6*o + 81. Calculate the greatest common divisor of o and 135.
27
Let y be 26 - (3 + (-4 - -4)). What is the highest common divisor of y and 253?
23
Let u be (-2)/(-8) - 550/(-8). Let s = 18 - -28. Calculate the greatest common divisor of u and s.
23
Let d be (-2 + 4)/((-2)/139). Let i = -9 - d. Let t(o) = o**3 + 6*o**2 + 3*o + 3. Let j be t(-5). Calculate the greatest common factor of j and i.
13
Let y be ((-3)/((-1)/1))/1. Suppose -7*r = -2*h - 3*r + 8, -y*h = -5*r - 15. Let b be h/4*12/15. What is the highest common factor of 14 and b?
2
Let z(q) = -q**3 - 2*q**2 + 2*q - 15. Let x be z(-6). Calculate the greatest common factor of x and 13.
13
Let j(m) = -m - 3. Let o be 